{"id":244,"date":"2018-07-22T12:18:39","date_gmt":"2018-07-22T16:18:39","guid":{"rendered":"https:\/\/luckycriquet.comm\/newstore_v7\/index.php\/product\/rose-brut-champagne-breton-fils\/"},"modified":"2023-01-03T13:41:40","modified_gmt":"2023-01-03T17:41:40","slug":"rose-brut-champagne-breton-fils","status":"publish","type":"product","link":"https:\/\/luckycriquet.com\/index.php\/product\/rose-brut-champagne-breton-fils\/","title":{"rendered":"Ros\u00e9 Brut, Champagne Breton Fils"},"content":{"rendered":"<p>No.41 &#8211; Ros\u00e9 Brut &#8211; 40% Chardonnay, 42% Pinot Meunier, 18% Vins C\u00f4teaux Champenois &#8211; 2016 &#8211; Champagne, France &#8211; 12,5%<\/p>\n","protected":false},"excerpt":{"rendered":"<p>Ros\u00e9 Brut &#8211; 40% Chardonnay, 42% Pinot Meunier, 18% Vins C\u00f4teaux Champenois<\/p>\n","protected":false},"featured_media":280,"comment_status":"open","ping_status":"closed","template":"","meta":[],"product_brand":[],"product_cat":[31,29],"product_tag":[],"class_list":{"0":"post-244","1":"product","2":"type-product","3":"status-publish","4":"has-post-thumbnail","6":"product_cat-champagne","7":"product_cat-france","9":"first","10":"instock","11":"taxable","12":"shipping-taxable","13":"purchasable","14":"product-type-simple"},"_links":{"self":[{"href":"https:\/\/luckycriquet.com\/index.php\/wp-json\/wp\/v2\/product\/244","targetHints":{"allow":["GET"]}}],"collection":[{"href":"https:\/\/luckycriquet.com\/index.php\/wp-json\/wp\/v2\/product"}],"about":[{"href":"https:\/\/luckycriquet.com\/index.php\/wp-json\/wp\/v2\/types\/product"}],"replies":[{"embeddable":true,"href":"https:\/\/luckycriquet.com\/index.php\/wp-json\/wp\/v2\/comments?post=244"}],"wp:featuredmedia":[{"embeddable":true,"href":"https:\/\/luckycriquet.com\/index.php\/wp-json\/wp\/v2\/media\/280"}],"wp:attachment":[{"href":"https:\/\/luckycriquet.com\/index.php\/wp-json\/wp\/v2\/media?parent=244"}],"wp:term":[{"taxonomy":"product_brand","embeddable":true,"href":"https:\/\/luckycriquet.com\/index.php\/wp-json\/wp\/v2\/product_brand?post=244"},{"taxonomy":"product_cat","embeddable":true,"href":"https:\/\/luckycriquet.com\/index.php\/wp-json\/wp\/v2\/product_cat?post=244"},{"taxonomy":"product_tag","embeddable":true,"href":"https:\/\/luckycriquet.com\/index.php\/wp-json\/wp\/v2\/product_tag?post=244"}],"curies":[{"name":"wp","href":"https:\/\/api.w.org\/{rel}","templated":true}]}}